ose 2*l + 12 - 2 = 0. Let s be d(l). Let u be (-20 - -5)*2/(-2). Calculate the highest common divisor of u and s.
15
Let a(r) = 8*r + 4. Let s(b) = -b - 1. Let y(w) = -a(w) - 3*s(w). Let d be y(-1). Suppose -d*t = -7*t + 36. Calculate the greatest common divisor of t and 8.
4
Let n be ((-4)/(-8))/((-7)/(-56))*2. What is the greatest common divisor of 22 and n?
2
Let p = -302 - -340. Calculate the greatest common divisor of p and 247.
19
Let w be (14/(-14))/((-3)/33). Suppose -w = -2*a - 5. Let n(u) = -u**3 + 3. Let g be n(0). Calculate the highest common factor of a and g.
3
Suppose 60*z - 17446 = -62*z. Let v(f) = -4*f - 3. Let s be v(-4). What is the greatest common divisor of s and z?
13
Let g be -1*1/(4/(-4)). Let d be g/3 + 110/30. Let a be d/8 - 260/(-8). What is the highest common divisor of 22 and a?
11
Suppose -1046 = 4*w - 1086. Let q be (-6)/(-33) + (-1428)/(-11). What is the highest common divisor of q and w?
10
Let v(f) = -f + 21. Let k be v(17). Suppose -k*q + 130 = q. Calculate the greatest common factor of 52 and q.
26
Let v(k) = -8*k + 10. Let q be v(5). Let g be ((-48)/q)/(2/5). Suppose -27 + 1 = -2*j - g*d, 3*j - d = 4. Calculate the highest common factor of j and 3.
3
Suppose 0 = 3*a - 230 + 38. Let p = a + -134. Let w = p - -134. What is the highest common divisor of 160 and w?
32
Suppose 21 = y - 3*x, 2*x + 1 = 2*y - 45. Calculate the greatest common factor of y and 36.
12
Suppose -3*d + 51 = -3*x, -9*d - 3*x = -5*d - 54. Calculate the greatest common divisor of 45 and d.
15
Let b(r) = -r**3 - 4*r**2 - r. Let x be b(-4). Suppose 0 = y + 2*u - 14, -3*u - 104 = -x*y - 4. Calculate the highest common divisor of y and 44.
22
Suppose -74*b + 12*b = -62. What is the highest common divisor of 160 and b?
1
Suppose 0 = -4*c - 5*w - 9, -2*c - w = -6*c + 21. Suppose 53 = o + k + 16, -2 = -2*k. Calculate the greatest common divisor of o and c.
4
Let p = -173 + 77. Let s be 1/((3/(-6)*2)/p). Calculate the highest common divisor of 12 and s.
12
Let o be 2/(-11) + 399/77. Let m = -36 - -36. Suppose o*a = -m*a + 50. Calculate the highest common divisor of 30 and a.
10
Suppose 1142 + 1084 = 6*x. Calculate the highest common divisor of 14 and x.
7
Let a(i) = 6*i**2 + 3*i + 4. Let o be a(3). Suppose v + 15 = -12. Let c = o + v. What is the highest common divisor of 16 and c?
8
Let t be 1/3*(-5 + (-1 - -135)). Calculate the highest common divisor of t and 43.
43
Let j = -17 + 20. Suppose 16 = 5*m + j*z, z - 1 - 11 = -5*m. Calculate the greatest common divisor of 14 and m.
2
Suppose -3*a = a - 76. Let u be (55 + 2)/((-3)/4). Let p = u + 133. What is the highest common factor of a and p?
19
Let q be -2*(-4)/(-2) + -8. Let y be (-9)/(27/q) - -1. Calculate the highest common factor of y and 2.
1
Let q = -16 - -77. Let y = 101 - q. What is the greatest common factor of 16 and y?
8
Let t = 4649 + -2933. Calculate the greatest common divisor of t and 88.
44
Let n(t) = t**3 + 8*t**2 + 14*t + 15. Let s be n(-6). Suppose 4*k + 2*f = s*f + 510, 3*f = -3*k + 390. Calculate the highest common factor of k and 16.
16
Let x be (-6 - (-44)/8)*76/(-2). Suppose -3*v + x + 71 = 0. Calculate the highest common factor of v and 75.
15
Suppose -4*w = -l + 3 - 5, 3*w - 39 = -3*l. Suppose l*r - 74 = -14. Calculate the highest common factor of 9 and r.
3
Let j be (1/((-6)/16))/((-4)/6). Suppose j + 2 = r. Calculate the highest common divisor of 66 and r.
6
Suppose 2788 + 932 = 15*c. What is the greatest common divisor of c and 31?
31
Let t = 27 + -10. What is the highest common factor of 17 and t?
17
Suppose 0*r - 5*r + 25 = 0. Suppose -7 + r = -q. Let d(a) = 5*a**3 - a**2 - 1. Let t be d(q). What is the highest common factor of t and 140?
35
Let j be ((-5)/4)/(2/8). Let b = 203 - j. Suppose -s = -2*s + 26. What is the highest common divisor of s and b?
26
Let a = 73 + -50. Suppose -94 = -3*h + 44. Calculate the highest common divisor of h and a.
23
Let m = -16 + 25. Suppose 21 = 6*u - m. Suppose -2*d - 3*k + 16 = 0, 3*d - u*k + 32 = 7*d. What is the greatest common divisor of 8 and d?
8
Let b(d) = 22*d + 25. Let i be b(-1). Suppose f = 2*z + 12 + 1, 5*f + 5*z - 20 = 0. Suppose f*h - 120 = 2*h. What is the highest common factor of i and h?
3
Let t = 6 + -1. Let u = -41 + 56. Calculate the greatest common divisor of t and u.
5
Suppose 2*f = 2*d - 408, 0 = -5*d - f + 162 + 882. Suppose -16 = -o - p, 8 = -2*o + 3*p + 40. What is the greatest common divisor of o and d?
16
Let l = -11 + -13. Let c be ((-20)/12 - -1)*l. Let v(a) = -4*a - 8. Let z be v(-8). Calculate the greatest common factor of z and c.
8
Suppose 4*g = 3*t - 48, -t - 4*t - 16 = 4*g. Let s(z) = -3*z - 8. Let y be s(g). Let k be 25 + 0/(-2) + -6. What is the greatest common factor of y and k?
19
Let t be 10/3*(-483)/(-14). Calculate the greatest common factor of 10 and t.
5
Let h = -7 + 80. Suppose 5*d = 7 + h. Calculate the highest common factor of d and 12.
4
Let z(v) = 30*v**2 + 30*v - 66. Let y be z(2). Calculate the greatest common factor of 513 and y.
57
Let m(d) = -d**3 + 13*d**2 - 16*d + 28. Let l be m(10). Calculate the greatest common divisor of l and 63.
21
Let g(m) = -m + 1. Let o be g(-9). Suppose 0 = 30*r - 48*r + 72. What is the highest common divisor of r and o?
2
Suppose 70 = -8*y + 3*y. Let q = 50 - y. Suppose 4*g = -5*p + 67, -3*g - 2*p + q = -p. What is the highest common divisor of g and 230?
23
Let p be (238/63*-3)/((-6)/18). What is the highest common factor of p and 2312?
34
Let l(v) = v**2 + 4*v + 3. Let s be l(-3). Suppose -3*t + 7*t - 4 = s. Suppose -2*b = -11 - t. What is the greatest common divisor of 24 and b?
6
Let o = -497 + 875. Calculate the greatest common factor of 28 and o.
14
Suppose 57*o - 52*o - 70 = 0. What is the greatest common divisor of o and 238?
14
Let p = 138 + -116. What is the greatest common divisor of 77 and p?
11
Let m be 1/(1 - 0)*-23. Let d(x) = 2*x**2 - x - 10. Let s be d(5). Let r = m + s. What is the highest common factor of r and 12?
12
Let u(m) = -139*m - 268. Let q be u(-7). Calculate the highest common divisor of 30 and q.
15
Suppose 0 = -15*d + 24*d - 180. What is the highest common divisor of d and 470?
10
Let k(t) = 7*t**2 + 13*t + 114. Let i be k(-12). Calculate the highest common divisor of 14 and i.
14
Let x(a) = 5*a**2 + 8*a + 12. Let d(f) = -14*f**2 - 24*f - 35. Let o(r) = -3*d(r) - 8*x(r). Let t be o(-10). What is the greatest common divisor of t and 43?
43
Suppose o + 2*v + 0*v + 14 = 0, -3*o - 14 = -v. Let q be (5 - 1) + (4 + -8 - o). Let f = 52 - -2. What is the highest common divisor of q and f?
6
Suppose 8*p - 3*p = 5*q - 95, 2*p + 60 = 3*q. What is the highest common divisor of 13 and q?
1
Let u be (12/5)/(-8 - 29128/(-3640)). What is the highest common factor of u and 28?
28
Let o be (8 - 4 - 4)/(-1). Suppose o = c - 6 - 4. Let d be 50*(0 - -2 - 1). What is the greatest common factor of c and d?
10
Suppose 67 = -6*q - 485. Let a = q - -152. Let i(g) = 9*g + 2. Let w be i(2). Calculate the greatest common divisor of w and a.
20
Suppose 5*y - 138 = -3*g, 12 = -2*g + 4. Calculate the highest common factor of y and 3.
3
Suppose 3*q = 5*j - 471, 189 = 11*j - 9*j - q. Calculate the highest common factor of 12 and j.
12
Suppose -4*q + 18*q - 10234 = 0. What is the greatest common factor of 17 and q?
17
Let m = 33 + -23. Let b = 17 - 2. What is the greatest common divisor of b and m?
5
Let b be 22/7 + (-7)/49. Suppose 3*d + d + b*r - 132 = 0, -99 = -3*d - 5*r. What is the highest common divisor of d and 3?
3
Let n(o) = 125*o**2 + 2*o + 3. Let l be n(-1). What is the highest common divisor of l and 420?
42
Let y be (-7)/(((-42)/(-18))/(-7)). What is the highest common divisor of 21 and y?
21
Suppose -11 = 3*b + 1, 3*s = 4*b + 79. Let t = s + -17. What is the highest common divisor of t and 24?
4
Suppose 3*v - u = -668 + 1600, 5*u + 10 = 0. What is the greatest common factor of v and 10?
10
Let o be (70/(-2))/(0 - 1). Suppose -t = -9 + 4. Suppose -5*d + s + 23 = 0, t*d + s - 33 = -3*s. Calculate the highest common divisor of o and d.
5
Suppose -2 + 398 = 4*a. Suppose -2*v + 18 = 2*q, 5*v - 38 = 5*q + 27. What is the greatest common factor of a and v?
11
Let o = -128 - -308. Suppose o = -7*r + 10*r. What is the highest common divisor of 